 2 = 2*q + 1. Calculate the remainder when q is divided by 5.
1
Let q = -13 - -27. Let t(n) = -n + 8. Let o be t(6). Let s(l) = 3*l**3 + 2*l - 2. What is the remainder when s(o) is divided by q?
12
Suppose 0*o = 2*o - 2*k - 8, -3*o + 18 = -k. Let v = -7 + 10. Calculate the remainder when o is divided by v.
1
Let s be (2 + 8)*1/2. Suppose t = -0 + 33. Suppose -2*q + t = -l, 0 = -4*l - l - s. What is the remainder when q is divided by 6?
4
Let l = -4 - -12. Calculate the remainder when 31 is divided by l.
7
Suppose 4*o + 0*o - 35 = w, -4*o + 5*w + 15 = 0. Calculate the remainder when o is divided by 4.
2
Suppose -2*f + 4*f - 140 = 0. Suppose 0 = 2*s + 5*g - f, -2*g = -6*g. Calculate the remainder when s is divided by 12.
11
Let z = 14 - 9. What is the remainder when 2 + 0 + -1 - -8 is divided by z?
4
Let n(x) = 6*x**2 + 3*x + 2. Let j(s) = -s**2 + 5*s - 2. Let r be j(5). What is the remainder when 39 is divided by n(r)?
19
Let i = -50 + 72. Suppose p - i = -p. Calculate the remainder when 21 is divided by p.
10
Suppose -169 = -4*p + 3*b, 11 = -3*b + 2. Calculate the remainder when 157 is divided by p.
37
Let j be 64/2*3/(-6). Let z = j - -19. Let o = -11 - -16. Calculate the remainder when o is divided by z.
2
Suppose 2*p - 4*x = 6 + 40, p = -2*x + 3. What is the remainder when 34 is divided by p?
8
Let t = -86 + 95. Calculate the remainder when 76 is divided by t.
4
Let r(v) = 5*v - 6. Let t = 14 - 7. Calculate the remainder when r(t) is divided by 15.
14
Let q(w) = w**2 + w - 31. What is the remainder when 17 is divided by q(-7)?
6
Let l(t) = -3*t**3 - 3*t**2 + 4. Calculate the remainder when l(-3) is divided by 10.
8
Suppose 32 = 2*t - 5*j, -2*t = 3*t + 3*j - 49. Suppose d + 68 = 2*u + 9, -u + 27 = -3*d. Calculate the remainder when u is divided by t.
8
Let f be (10 - 0)/(-2) - -2. Calculate the remainder when 34/(-2)*(0 - 1) is divided by ((-20)/f)/(2/3).
7
Suppose 0*r = 2*r - 6. Let h(g) = -g**3 + 6*g**2 + 9*g - 3. Calculate the remainder when h(7) is divided by r.
2
Let t(x) = x**2 - 5*x - 1. Let p be t(5). Let l(r) = 3*r. Let o be l(p). Calculate the remainder when 35 is divided by (-54)/21*14/o.
11
Suppose -3*n + 5*n = 0. Suppose n = -2*d - d + 150. Calculate the remainder when d is divided by 13.
11
Suppose -4*r + 11 + 5 = 0. Let k = 7 + r. What is the remainder when 1*-1 - (-64)/2 is divided by k?
9
Suppose -2 = u - 12. Let q = u + -2. Calculate the remainder when 22 is divided by q.
6
Let z(j) = -2*j**3 - 2*j**2 + 4*j. Let w be z(-4). Suppose -5*h - 5*n + w = 0, -h = -3*h - 5*n + 47. Calculate the remainder when 32 is divided by h.
10
Suppose 4*w = 2*w + 612. What is the remainder when 61 is divided by 9/15 + w/15?
19
Let i = 15 - 6. Let w(q) = -6*q - 6. Calculate the remainder when 312/i + (-2)/(-6) is divided by w(-3).
11
Calculate the remainder when (-312)/(-5) + 5 + (-110)/25 is divided by 33.
30
Let s be (-12 - -10) + 12/1. What is the remainder when 97 is divided by -1 - 3 - (-47 + s)?
31
Let w = 3 - -5. Let c(v) = -2*v + 11. Calculate the remainder when c(-5) is divided by w.
5
Let q(z) be the third derivative of z**5/60 + 11*z**3/3 - 5*z**2. Let m(j) = j. Let d be m(0). What is the remainder when q(d) is divided by 12?
10
Let a(i) = -2*i + 3. Let z(b) = b**2 - 6*b + 2. Calculate the remainder when z(10) is divided by a(-6).
12
Let g(a) be the third derivative of 7*a**4/8 - 2*a**3/3 - a**2. Calculate the remainder when g(3) is divided by 20.
19
Let u(d) = d**3 + d**2 - d + 1. Let f = -9 + 36. Calculate the remainder when u(1) is divided by f/21 + (-4)/14.
0
Let v(m) = -25*m - 1. Let q = 2 + -4. What is the remainder when q/(-3) + 624/9 is divided by v(-1)?
22
What is the remainder when 8/52 + (-1062)/(-26) is divided by 28/(-3)*6/(-4)?
13
Let v = 16 + 234. Suppose -r = -6*r + v. What is the remainder when r is divided by 27?
23
Suppose -b = -6*b + 10. Calculate the remainder when b is divided by 2 - (-12)/(-3) - -4.
0
Let x(f) = -17*f**3 - 1. Let m be x(-1). Suppose -v - 3*v = -m. Let u(l) = -l**2 + 5*l + 2. What is the remainder when 10 is divided by u(v)?
4
Suppose -5*j - 4*w + 6 + 5 = 0, 1 = -w. Suppose -2*u = -j*u + 8. Suppose -62 - 4 = -3*y. What is the remainder when y is divided by u?
6
Suppose -6*y + 2*y = -48. Let u(z) = 44*z + 2. Calculate the remainder when u(1) is divided by y.
10
Suppose 0 = 2*y + 3*y. Suppose -o = -y*o - 11. Calculate the remainder when (-28)/(-10)*270/36 is divided by o.
10
Let f(g) = g**2 - 4*g + 5. Suppose -b + 4 - 1 = 0. Suppose 5*j + 3 = 2*c, -3*j = b*c - 0*c - 57. Calculate the remainder when c is divided by f(4).
4
Suppose -8*w + 141 = -251. What is the remainder when w is divided by 14?
7
Let q(c) = c**2 - 2. Let g be q(2). Suppose 3*o - g*x = 32, -2*x - 13 = 2*o - 51. Let u = 132 + -92. What is the remainder when u is divided by o?
12
Let s(v) = -v**3 - 5*v**2 + 3*v + 7. Suppose 4*a - 253 + 197 = 0. What is the remainder when s(-6) is divided by a?
11
Let n be (3/4)/(7/224). Let v = 50 - n. What is the remainder when 51 is divided by v?
25
Let s(r) = -10*r - 266. What is the remainder when (0 - 186/(-8))*4 is divided by s(-29)?
21
Calculate the remainder when (6/8)/((-3)/(-192)) is divided by (34/3)/(12/18).
14
Let w(d) = -13*d + 3. Let x(b) = b. Let l(p) = -w(p) - 6*x(p). Suppose -2*g = g + 6, -3*g - 38 = -4*c. Calculate the remainder when l(c) is divided by 14.
11
Suppose 6*y + 5*t = 2*y + 188, -4*t = 5*y - 235. Let k(u) = u**2 - 6*u + 5. Calculate the remainder when y is divided by k(7).
11
Suppose 0 = -3*c + 4*c - 71. Suppose 44 = 11*f - 154. What is the remainder when c is divided by f?
17
Let c(o) = -o**2 + 6*o - 1. What is the remainder when c(4) is divided by 2?
1
Let p = 2 - -10. Let m(o) = o**3 - 4*o**2 + 2*o - 5. Let c be m(4). Let b = 26 - c. What is the remainder when b is divided by p?
11
Calculate the remainder when 21 is divided by (-8)/(-52) - -1*228/39.
3
Let z be ((-16)/(-6))/((-2)/(-6)). Suppose 0*b - b = -z. Suppose 2*q - 48 = -2*l, 3*l = -79*q + 77*q + 50. Calculate the remainder when q is divided by b.
6
Suppose 5*x - 11 = 5*v + 19, -3*x = v - 30. Calculate the remainder when x is divided by 3.
0
Suppose 0 = -3*g + 300 + 369. Calculate the remainder when g is divided by 9.
7
Suppose -3*k + 2*k + 44 = 0. Let g = k - 26. Calculate the remainder when g is divided by 5.
3
Let p = -27 + 58. Suppose -4*t = -t + 5*i - 21, 5*t - 1 = 3*i. Suppose 7 = -t*s + 39. What is the remainder when p is divided by s?
15
Suppose 0*k = -9*k + 351. Calculate the remainder when k is divided by 6.
3
Let s = -29 + 41. Let d(f) = f**2 + f + 3. Calculate the remainder when d(-5) is divided by s.
11
Suppose -144 = -2*i + 116. Suppose -2*l = 4*u + l - i, 4*u - 3*l = 142. Calculate the remainder when u is divided by 18.
16
Suppose 0 = -q - 0*q - 5*i + 19, -5*q - 4*i + 158 = 0. What is the remainder when 100 is divided by q?
32
Let r(b) be the second derivative of b**4/12 - b**3 + b**2 + 2*b. Let g be r(6). Suppose g*n - 30 = -n. Calculate the remainder when 18 is divided by n.
8
Let t = -4 + 6. Suppose 6 = t*q - 16. Let a = 19 - q. Calculate the remainder when 15 is divided by a.
7
Suppose 74 = -j + 2*j. Suppose j = 4*z - 2. Suppose c - z = 11. Calculate the remainder when c is divided by 8.
6
Suppose 5*n + 22 = 6*n. Calculate the remainder when 63 is divided by n.
19
Let m(q) = q - 4 - 22*q**2 + 1 + 3 - 1. Let j be m(1). What is the remainder when 38 is divided by (1 - 1) + -2 - j?
18
Let i = -88 - -102. Calculate the remainder when 16 is divided by i.
2
Suppose -3*a - 2*i - 14 - 11 = 0, -2*a - 23 = -5*i. Let y = -5 - a. What is the remainder when 11 is divided by y?
3
Calculate the remainder when 36 is divided by 8/(-16) - 39/(-2).
17
Let o = 8 - 7. Let c = 12 - o. What is the remainder when -4*62/(-16)*2 is divided by c?
9
Suppose -n - 3*n = -4. Let q = -4 + n. Let h(k) = -k**3 - 2*k**2 + 3. Calculate the remainder when 22 is divided by h(q).
10
Suppose -4*s = -4*w - 136, -s + 2*w + 33 = -0*w. Let j = -74 - -119. What is the remainder when s is divided by (j/(-20))/((-3)/16)?
11
Let c = -93 + 13. Let m = -48 - c. Suppose 3*z + 0 = 51. What is the remainder when m is divided by z?
15
Suppose -64*p + 80*p = 960. Calculate the remainder when p is divided by (-2)/(-7) - (-430)/14.
29
Suppose 